{"id":18,"date":"2023-12-07T11:02:13","date_gmt":"2023-12-07T10:02:13","guid":{"rendered":"https:\/\/basen.zgkandrychow.pl\/?page_id=18"},"modified":"2024-06-04T12:31:38","modified_gmt":"2024-06-04T10:31:38","slug":"obiekty","status":"publish","type":"page","link":"https:\/\/basen.zgkandrychow.pl\/index.php\/obiekty\/","title":{"rendered":"Obiekty"},"content":{"rendered":"\t\t<div data-elementor-type=\"wp-page\" data-elementor-id=\"18\" class=\"elementor elementor-18\" data-elementor-post-type=\"page\">\n\t\t\t\t<div class=\"elementor-element elementor-element-8dd9418 e-flex e-con-boxed e-con e-parent\" data-id=\"8dd9418\" data-element_type=\"container\">\n\t\t\t\t\t<div class=\"e-con-inner\">\n\t\t\t\t<div class=\"elementor-element elementor-element-d4c58bf elementor-widget elementor-widget-heading\" data-id=\"d4c58bf\" data-element_type=\"widget\" data-widget_type=\"heading.default\">\n\t\t\t\t<div class=\"elementor-widget-container\">\n\t\t\t\t\t<h2 class=\"elementor-heading-title elementor-size-default\">Obiekty Basenu K\u0105pielowego<\/h2>\t\t\t\t<\/div>\n\t\t\t\t<\/div>\n\t\t\t\t\t<\/div>\n\t\t\t\t<\/div>\n\t\t<div class=\"elementor-element elementor-element-329a168 e-flex e-con-boxed e-con e-parent\" data-id=\"329a168\" data-element_type=\"container\">\n\t\t\t\t\t<div class=\"e-con-inner\">\n\t\t<div class=\"elementor-element elementor-element-320cfd2 e-con-full e-flex e-con e-child\" data-id=\"320cfd2\" data-element_type=\"container\">\n\t\t\t\t<div class=\"elementor-element elementor-element-be01adb elementor-widget elementor-widget-image\" data-id=\"be01adb\" data-element_type=\"widget\" data-widget_type=\"image.default\">\n\t\t\t\t<div class=\"elementor-widget-container\">\n\t\t\t\t\t\t\t\t\t\t\t\t\t\t\t<img fetchpriority=\"high\" decoding=\"async\" width=\"800\" height=\"534\" src=\"https:\/\/basen.zgkandrychow.pl\/wp-content\/uploads\/2023\/12\/5f11bd06c7279_o-1024x683.jpg\" class=\"attachment-large size-large wp-image-75\" alt=\"\" srcset=\"https:\/\/basen.zgkandrychow.pl\/wp-content\/uploads\/2023\/12\/5f11bd06c7279_o-1024x683.jpg 1024w, https:\/\/basen.zgkandrychow.pl\/wp-content\/uploads\/2023\/12\/5f11bd06c7279_o-300x200.jpg 300w, https:\/\/basen.zgkandrychow.pl\/wp-content\/uploads\/2023\/12\/5f11bd06c7279_o-768x513.jpg 768w, https:\/\/basen.zgkandrychow.pl\/wp-content\/uploads\/2023\/12\/5f11bd06c7279_o.jpg 1500w\" sizes=\"(max-width: 800px) 100vw, 800px\" \/>\t\t\t\t\t\t\t\t\t\t\t\t\t\t\t<\/div>\n\t\t\t\t<\/div>\n\t\t\t\t<\/div>\n\t\t<div class=\"elementor-element elementor-element-e8b79dd e-con-full e-flex e-con e-child\" data-id=\"e8b79dd\" data-element_type=\"container\">\n\t\t\t\t<div class=\"elementor-element elementor-element-461b84c elementor-widget elementor-widget-text-editor\" data-id=\"461b84c\" data-element_type=\"widget\" data-widget_type=\"text-editor.default\">\n\t\t\t\t<div class=\"elementor-widget-container\">\n\t\t\t\t\t\t\t\t\t<p>Na terenie otwartego basenu znajduj\u0105 si\u0119 nast\u0119puj\u0105ce urz\u0105dzenia rekreacyjne:<\/p><ul type=\"disc\"><li>basen p\u0142ywacki 50m wraz z trybunami,<\/li><li>basen rekreacyjny z atrakcjami, (masa\u017ce karku, \u015bcienne, le\u017cakowe, gejzery, grzybek, dzia\u0142ko wodne, rw\u0105ca rzeka),<\/li><li>brodzik dla dzieci z atrakcjami,<\/li><li>zje\u017cd\u017calnia wodna \u2013 rurowa,<\/li><li>plac zabaw dla dzieci,<\/li><li>boiska do pi\u0142ki pla\u017cowej,<\/li><li>taras widokowo-gastronomiczny nad pomieszczeniem technologicznym,<\/li><li>\u201epla\u017ca&#8221; &#8211; utwardzone obej\u015bcia wok\u00f3\u0142 basen\u00f3w,<\/li><li>zaplecze socjalno-sanitarne<\/li><li>zaplecze techniczne.<\/li><\/ul><p>Na kondygnacji pierwszego pi\u0119tra zlokalizowane sa pokoje hotelowe na 20 miejsc noclegowych, taras oraz restauracja wraz zapleczem do wydawania posi\u0142k\u00f3w na 40 os\u00f3b,<\/p><p>Zar\u00f3wno pokoje hotelowe jak i restauracja dost\u0119pne s\u0105 dla go\u015bci z zewn\u0105trz, bez dost\u0119pu bezpo\u015bredniego do basenu.<\/p>\t\t\t\t\t\t\t\t<\/div>\n\t\t\t\t<\/div>\n\t\t\t\t<\/div>\n\t\t\t\t\t<\/div>\n\t\t\t\t<\/div>\n\t\t<div class=\"elementor-element elementor-element-702ad29 e-flex e-con-boxed e-con e-parent\" data-id=\"702ad29\" data-element_type=\"container\" data-settings=\"{&quot;background_background&quot;:&quot;classic&quot;,&quot;shape_divider_top&quot;:&quot;wave-brush&quot;,&quot;shape_divider_bottom&quot;:&quot;wave-brush&quot;}\">\n\t\t\t\t\t<div class=\"e-con-inner\">\n\t\t\t\t<div class=\"elementor-shape elementor-shape-top\" aria-hidden=\"true\" data-negative=\"false\">\n\t\t\t<svg xmlns=\"http:\/\/www.w3.org\/2000\/svg\" viewBox=\"0 0 283.5 27.8\" preserveAspectRatio=\"none\">\n\t<path class=\"elementor-shape-fill\" d=\"M283.5,9.7c0,0-7.3,4.3-14,4.6c-6.8,0.3-12.6,0-20.9-1.5c-11.3-2-33.1-10.1-44.7-5.7\ts-12.1,4.6-18,7.4c-6.6,3.2-20,9.6-36.6,9.3C131.6,23.5,99.5,7.2,86.3,8c-1.4,0.1-6.6,0.8-10.5,2c-3.8,1.2-9.4,3.8-17,4.7\tc-3.2,0.4-8.3,1.1-14.2,0.9c-1.5-0.1-6.3-0.4-12-1.6c-5.7-1.2-11-3.1-15.8-3.7C6.5,9.2,0,10.8,0,10.8V0h283.5V9.7z M260.8,11.3\tc-0.7-1-2-0.4-4.3-0.4c-2.3,0-6.1-1.2-5.8-1.1c0.3,0.1,3.1,1.5,6,1.9C259.7,12.2,261.4,12.3,260.8,11.3z M242.4,8.6\tc0,0-2.4-0.2-5.6-0.9c-3.2-0.8-10.3-2.8-15.1-3.5c-8.2-1.1-15.8,0-15.1,0.1c0.8,0.1,9.6-0.6,17.6,1.1c3.3,0.7,9.3,2.2,12.4,2.7\tC239.9,8.7,242.4,8.6,242.4,8.6z M185.2,8.5c1.7-0.7-13.3,4.7-18.5,6.1c-2.1,0.6-6.2,1.6-10,2c-3.9,0.4-8.9,0.4-8.8,0.5\tc0,0.2,5.8,0.8,11.2,0c5.4-0.8,5.2-1.1,7.6-1.6C170.5,14.7,183.5,9.2,185.2,8.5z M199.1,6.9c0.2,0-0.8-0.4-4.8,1.1\tc-4,1.5-6.7,3.5-6.9,3.7c-0.2,0.1,3.5-1.8,6.6-3C197,7.5,199,6.9,199.1,6.9z M283,6c-0.1,0.1-1.9,1.1-4.8,2.5s-6.9,2.8-6.7,2.7\tc0.2,0,3.5-0.6,7.4-2.5C282.8,6.8,283.1,5.9,283,6z M31.3,11.6c0.1-0.2-1.9-0.2-4.5-1.2s-5.4-1.6-7.8-2C15,7.6,7.3,8.5,7.7,8.6\tC8,8.7,15.9,8.3,20.2,9.3c2.2,0.5,2.4,0.5,5.7,1.6S31.2,11.9,31.3,11.6z M73,9.2c0.4-0.1,3.5-1.6,8.4-2.6c4.9-1.1,8.9-0.5,8.9-0.8\tc0-0.3-1-0.9-6.2-0.3S72.6,9.3,73,9.2z M71.6,6.7C71.8,6.8,75,5.4,77.3,5c2.3-0.3,1.9-0.5,1.9-0.6c0-0.1-1.1-0.2-2.7,0.2\tC74.8,5.1,71.4,6.6,71.6,6.7z M93.6,4.4c0.1,0.2,3.5,0.8,5.6,1.8c2.1,1,1.8,0.6,1.9,0.5c0.1-0.1-0.8-0.8-2.4-1.3\tC97.1,4.8,93.5,4.2,93.6,4.4z M65.4,11.1c-0.1,0.3,0.3,0.5,1.9-0.2s2.6-1.3,2.2-1.2s-0.9,0.4-2.5,0.8C65.3,10.9,65.5,10.8,65.4,11.1\tz M34.5,12.4c-0.2,0,2.1,0.8,3.3,0.9c1.2,0.1,2,0.1,2-0.2c0-0.3-0.1-0.5-1.6-0.4C36.6,12.8,34.7,12.4,34.5,12.4z M152.2,21.1\tc-0.1,0.1-2.4-0.3-7.5-0.3c-5,0-13.6-2.4-17.2-3.5c-3.6-1.1,10,3.9,16.5,4.1C150.5,21.6,152.3,21,152.2,21.1z\"\/>\n\t<path class=\"elementor-shape-fill\" d=\"M269.6,18c-0.1-0.1-4.6,0.3-7.2,0c-7.3-0.7-17-3.2-16.6-2.9c0.4,0.3,13.7,3.1,17,3.3\tC267.7,18.8,269.7,18,269.6,18z\"\/>\n\t<path class=\"elementor-shape-fill\" d=\"M227.4,9.8c-0.2-0.1-4.5-1-9.5-1.2c-5-0.2-12.7,0.6-12.3,0.5c0.3-0.1,5.9-1.8,13.3-1.2\tS227.6,9.9,227.4,9.8z\"\/>\n\t<path class=\"elementor-shape-fill\" d=\"M204.5,13.4c-0.1-0.1,2-1,3.2-1.1c1.2-0.1,2,0,2,0.3c0,0.3-0.1,0.5-1.6,0.4\tC206.4,12.9,204.6,13.5,204.5,13.4z\"\/>\n\t<path class=\"elementor-shape-fill\" d=\"M201,10.6c0-0.1-4.4,1.2-6.3,2.2c-1.9,0.9-6.2,3.1-6.1,3.1c0.1,0.1,4.2-1.6,6.3-2.6\tS201,10.7,201,10.6z\"\/>\n\t<path class=\"elementor-shape-fill\" d=\"M154.5,26.7c-0.1-0.1-4.6,0.3-7.2,0c-7.3-0.7-17-3.2-16.6-2.9c0.4,0.3,13.7,3.1,17,3.3\tC152.6,27.5,154.6,26.8,154.5,26.7z\"\/>\n\t<path class=\"elementor-shape-fill\" d=\"M41.9,19.3c0,0,1.2-0.3,2.9-0.1c1.7,0.2,5.8,0.9,8.2,0.7c4.2-0.4,7.4-2.7,7-2.6\tc-0.4,0-4.3,2.2-8.6,1.9c-1.8-0.1-5.1-0.5-6.7-0.4S41.9,19.3,41.9,19.3z\"\/>\n\t<path class=\"elementor-shape-fill\" d=\"M75.5,12.6c0.2,0.1,2-0.8,4.3-1.1c2.3-0.2,2.1-0.3,2.1-0.5c0-0.1-1.8-0.4-3.4,0\tC76.9,11.5,75.3,12.5,75.5,12.6z\"\/>\n\t<path class=\"elementor-shape-fill\" d=\"M15.6,13.2c0-0.1,4.3,0,6.7,0.5c2.4,0.5,5,1.9,5,2c0,0.1-2.7-0.8-5.1-1.4\tC19.9,13.7,15.7,13.3,15.6,13.2z\"\/>\n<\/svg>\t\t<\/div>\n\t\t\t\t<div class=\"elementor-shape elementor-shape-bottom\" aria-hidden=\"true\" data-negative=\"false\">\n\t\t\t<svg xmlns=\"http:\/\/www.w3.org\/2000\/svg\" viewBox=\"0 0 283.5 27.8\" preserveAspectRatio=\"none\">\n\t<path class=\"elementor-shape-fill\" d=\"M283.5,9.7c0,0-7.3,4.3-14,4.6c-6.8,0.3-12.6,0-20.9-1.5c-11.3-2-33.1-10.1-44.7-5.7\ts-12.1,4.6-18,7.4c-6.6,3.2-20,9.6-36.6,9.3C131.6,23.5,99.5,7.2,86.3,8c-1.4,0.1-6.6,0.8-10.5,2c-3.8,1.2-9.4,3.8-17,4.7\tc-3.2,0.4-8.3,1.1-14.2,0.9c-1.5-0.1-6.3-0.4-12-1.6c-5.7-1.2-11-3.1-15.8-3.7C6.5,9.2,0,10.8,0,10.8V0h283.5V9.7z M260.8,11.3\tc-0.7-1-2-0.4-4.3-0.4c-2.3,0-6.1-1.2-5.8-1.1c0.3,0.1,3.1,1.5,6,1.9C259.7,12.2,261.4,12.3,260.8,11.3z M242.4,8.6\tc0,0-2.4-0.2-5.6-0.9c-3.2-0.8-10.3-2.8-15.1-3.5c-8.2-1.1-15.8,0-15.1,0.1c0.8,0.1,9.6-0.6,17.6,1.1c3.3,0.7,9.3,2.2,12.4,2.7\tC239.9,8.7,242.4,8.6,242.4,8.6z M185.2,8.5c1.7-0.7-13.3,4.7-18.5,6.1c-2.1,0.6-6.2,1.6-10,2c-3.9,0.4-8.9,0.4-8.8,0.5\tc0,0.2,5.8,0.8,11.2,0c5.4-0.8,5.2-1.1,7.6-1.6C170.5,14.7,183.5,9.2,185.2,8.5z M199.1,6.9c0.2,0-0.8-0.4-4.8,1.1\tc-4,1.5-6.7,3.5-6.9,3.7c-0.2,0.1,3.5-1.8,6.6-3C197,7.5,199,6.9,199.1,6.9z M283,6c-0.1,0.1-1.9,1.1-4.8,2.5s-6.9,2.8-6.7,2.7\tc0.2,0,3.5-0.6,7.4-2.5C282.8,6.8,283.1,5.9,283,6z M31.3,11.6c0.1-0.2-1.9-0.2-4.5-1.2s-5.4-1.6-7.8-2C15,7.6,7.3,8.5,7.7,8.6\tC8,8.7,15.9,8.3,20.2,9.3c2.2,0.5,2.4,0.5,5.7,1.6S31.2,11.9,31.3,11.6z M73,9.2c0.4-0.1,3.5-1.6,8.4-2.6c4.9-1.1,8.9-0.5,8.9-0.8\tc0-0.3-1-0.9-6.2-0.3S72.6,9.3,73,9.2z M71.6,6.7C71.8,6.8,75,5.4,77.3,5c2.3-0.3,1.9-0.5,1.9-0.6c0-0.1-1.1-0.2-2.7,0.2\tC74.8,5.1,71.4,6.6,71.6,6.7z M93.6,4.4c0.1,0.2,3.5,0.8,5.6,1.8c2.1,1,1.8,0.6,1.9,0.5c0.1-0.1-0.8-0.8-2.4-1.3\tC97.1,4.8,93.5,4.2,93.6,4.4z M65.4,11.1c-0.1,0.3,0.3,0.5,1.9-0.2s2.6-1.3,2.2-1.2s-0.9,0.4-2.5,0.8C65.3,10.9,65.5,10.8,65.4,11.1\tz M34.5,12.4c-0.2,0,2.1,0.8,3.3,0.9c1.2,0.1,2,0.1,2-0.2c0-0.3-0.1-0.5-1.6-0.4C36.6,12.8,34.7,12.4,34.5,12.4z M152.2,21.1\tc-0.1,0.1-2.4-0.3-7.5-0.3c-5,0-13.6-2.4-17.2-3.5c-3.6-1.1,10,3.9,16.5,4.1C150.5,21.6,152.3,21,152.2,21.1z\"\/>\n\t<path class=\"elementor-shape-fill\" d=\"M269.6,18c-0.1-0.1-4.6,0.3-7.2,0c-7.3-0.7-17-3.2-16.6-2.9c0.4,0.3,13.7,3.1,17,3.3\tC267.7,18.8,269.7,18,269.6,18z\"\/>\n\t<path class=\"elementor-shape-fill\" d=\"M227.4,9.8c-0.2-0.1-4.5-1-9.5-1.2c-5-0.2-12.7,0.6-12.3,0.5c0.3-0.1,5.9-1.8,13.3-1.2\tS227.6,9.9,227.4,9.8z\"\/>\n\t<path class=\"elementor-shape-fill\" d=\"M204.5,13.4c-0.1-0.1,2-1,3.2-1.1c1.2-0.1,2,0,2,0.3c0,0.3-0.1,0.5-1.6,0.4\tC206.4,12.9,204.6,13.5,204.5,13.4z\"\/>\n\t<path class=\"elementor-shape-fill\" d=\"M201,10.6c0-0.1-4.4,1.2-6.3,2.2c-1.9,0.9-6.2,3.1-6.1,3.1c0.1,0.1,4.2-1.6,6.3-2.6\tS201,10.7,201,10.6z\"\/>\n\t<path class=\"elementor-shape-fill\" d=\"M154.5,26.7c-0.1-0.1-4.6,0.3-7.2,0c-7.3-0.7-17-3.2-16.6-2.9c0.4,0.3,13.7,3.1,17,3.3\tC152.6,27.5,154.6,26.8,154.5,26.7z\"\/>\n\t<path class=\"elementor-shape-fill\" d=\"M41.9,19.3c0,0,1.2-0.3,2.9-0.1c1.7,0.2,5.8,0.9,8.2,0.7c4.2-0.4,7.4-2.7,7-2.6\tc-0.4,0-4.3,2.2-8.6,1.9c-1.8-0.1-5.1-0.5-6.7-0.4S41.9,19.3,41.9,19.3z\"\/>\n\t<path class=\"elementor-shape-fill\" d=\"M75.5,12.6c0.2,0.1,2-0.8,4.3-1.1c2.3-0.2,2.1-0.3,2.1-0.5c0-0.1-1.8-0.4-3.4,0\tC76.9,11.5,75.3,12.5,75.5,12.6z\"\/>\n\t<path class=\"elementor-shape-fill\" d=\"M15.6,13.2c0-0.1,4.3,0,6.7,0.5c2.4,0.5,5,1.9,5,2c0,0.1-2.7-0.8-5.1-1.4\tC19.9,13.7,15.7,13.3,15.6,13.2z\"\/>\n<\/svg>\t\t<\/div>\n\t\t<div class=\"elementor-element elementor-element-85f0ab1 e-con-full e-flex e-con e-child\" data-id=\"85f0ab1\" data-element_type=\"container\">\n\t\t\t\t<div class=\"elementor-element elementor-element-99e3080 elementor-widget elementor-widget-text-editor\" data-id=\"99e3080\" data-element_type=\"widget\" data-widget_type=\"text-editor.default\">\n\t\t\t\t<div class=\"elementor-widget-container\">\n\t\t\t\t\t\t\t\t\t<p>Na terenie basenu otwartego zaprojektowano\u00a0 nast\u0119puj\u0105ce obiekty i urz\u0105dzenia :<\/p><ul type=\"disc\"><li>Budynek socjalno &#8211; gastronomiczno &#8211; hotelowy &#8211; budynek A,<\/li><li>Pomieszczenie technologii T<\/li><li>Zje\u017cd\u017calnia wodna \u2013 rurowa<\/li><li>Basen p\u0142ywacki<\/li><li>Basen rekreacyjny<\/li><li>Brodzik dla dzieci<\/li><li>Plac zabaw dla dzieci<\/li><li>Boisko do pi\u0142ki pla\u017cowej<\/li><li>Rampy dla niepe\u0142nosprawnych<\/li><li>Trybuny przy basenie p\u0142ywackim<\/li><li>Schody terenowe<\/li><li>Ekrany akustyczne<\/li><li>O\u015bwietlenie i nag\u0142o\u015bnienie terenu<\/li><li>brodziki przej\u015bciowe<\/li><li>Pla\u017ca utwardzona wok\u00f3\u0142 basen\u00f3w<\/li><li>Chodniki<\/li><li>Trawniki<\/li><li>\u201eSka\u0142ki&#8221;<\/li><li>Ziele\u0144 izolacyjna<\/li><li>Murki i ogrodzenia<\/li><li>Elementy \u201ema\u0142ej architektury&#8221;<\/li><\/ul>\t\t\t\t\t\t\t\t<\/div>\n\t\t\t\t<\/div>\n\t\t\t\t<\/div>\n\t\t<div class=\"elementor-element elementor-element-5444ee3 e-con-full e-flex e-con e-child\" data-id=\"5444ee3\" data-element_type=\"container\">\n\t\t\t\t<div class=\"elementor-element elementor-element-c967e67 elementor-widget elementor-widget-image\" data-id=\"c967e67\" data-element_type=\"widget\" data-widget_type=\"image.default\">\n\t\t\t\t<div class=\"elementor-widget-container\">\n\t\t\t\t\t\t\t\t\t\t\t\t\t\t\t<img decoding=\"async\" width=\"800\" height=\"534\" src=\"https:\/\/basen.zgkandrychow.pl\/wp-content\/uploads\/2023\/12\/5f11bd00deb5c_o-1-1024x683.jpg\" class=\"attachment-large size-large wp-image-74\" alt=\"\" srcset=\"https:\/\/basen.zgkandrychow.pl\/wp-content\/uploads\/2023\/12\/5f11bd00deb5c_o-1-1024x683.jpg 1024w, https:\/\/basen.zgkandrychow.pl\/wp-content\/uploads\/2023\/12\/5f11bd00deb5c_o-1-300x200.jpg 300w, https:\/\/basen.zgkandrychow.pl\/wp-content\/uploads\/2023\/12\/5f11bd00deb5c_o-1-768x513.jpg 768w, https:\/\/basen.zgkandrychow.pl\/wp-content\/uploads\/2023\/12\/5f11bd00deb5c_o-1.jpg 1500w\" sizes=\"(max-width: 800px) 100vw, 800px\" \/>\t\t\t\t\t\t\t\t\t\t\t\t\t\t\t<\/div>\n\t\t\t\t<\/div>\n\t\t\t\t<\/div>\n\t\t\t\t\t<\/div>\n\t\t\t\t<\/div>\n\t\t<div class=\"elementor-element elementor-element-d4adb61 e-flex e-con-boxed e-con e-parent\" data-id=\"d4adb61\" data-element_type=\"container\">\n\t\t\t\t\t<div class=\"e-con-inner\">\n\t\t\t\t<div class=\"elementor-element elementor-element-920512a elementor-widget elementor-widget-heading\" data-id=\"920512a\" data-element_type=\"widget\" data-widget_type=\"heading.default\">\n\t\t\t\t<div class=\"elementor-widget-container\">\n\t\t\t\t\t<h3 class=\"elementor-heading-title elementor-size-default\">\u0141acznie powierzchnia zagospodarowania 11370 m2<\/h3>\t\t\t\t<\/div>\n\t\t\t\t<\/div>\n\t\t\t\t\t<\/div>\n\t\t\t\t<\/div>\n\t\t<div class=\"elementor-element elementor-element-e36f20e e-flex e-con-boxed e-con e-parent\" data-id=\"e36f20e\" data-element_type=\"container\">\n\t\t\t\t\t<div class=\"e-con-inner\">\n\t\t<div class=\"elementor-element elementor-element-ec1c9dd e-con-full e-flex e-con e-child\" data-id=\"ec1c9dd\" data-element_type=\"container\">\n\t\t\t\t<div class=\"elementor-element elementor-element-05f2d71 elementor-widget elementor-widget-text-editor\" data-id=\"05f2d71\" data-element_type=\"widget\" data-widget_type=\"text-editor.default\">\n\t\t\t\t<div class=\"elementor-widget-container\">\n\t\t\t\t\t\t\t\t\t<p>Zestawienie powierzchni:<\/p><ul type=\"disc\"><li>powierzchnia zabudowy bud \u201eA&#8221; 814 m2<\/li><li>powierzchnia zabudowy pomieszczenia tech. T 132,5 m2<\/li><li>powierzchnia lustra wody basen\u00f3w 2005 m2<\/li><li>powierzchnia lustra wody brodzik\u00f3w przej\u015bciowych 45,6 m2<\/li><li>trybuny dla basenu p\u0142ywackiego 227 m2<\/li><li>obej\u015bcia basenu &#8211; pla\u017ce z kostki betonowej 1988 m2<\/li><li>trawniki i ziele\u0144 izolacyjna niska (tawu\u0142a japo\u0144ska) \u201eska\u0142ki&#8221; 4560 m2<\/li><li>kostka gumowa \u0142agodz\u0105ca upadek (plac zabaw) 50 m2<\/li><li>boisko do pi\u0142ki pla\u017cowej 283 m2<\/li><li>pochylnie i schody terenowe 56,7 m2<\/li><li>dojazd technologiczny 184,5 m2<\/li><li>doj\u015bcia i obej\u015bcia technologiczne 70 m2<\/li><li>chodniki przy al. Wietrznego 181 m2<\/li><li>koryto rzeki M\u0142yn\u00f3wki ok. 460 m2<\/li><li>pozosta\u0142e 460 m2<\/li><\/ul>\t\t\t\t\t\t\t\t<\/div>\n\t\t\t\t<\/div>\n\t\t\t\t<\/div>\n\t\t<div class=\"elementor-element elementor-element-feda6bf e-con-full e-flex e-con e-child\" data-id=\"feda6bf\" data-element_type=\"container\">\n\t\t\t\t<div class=\"elementor-element elementor-element-0697669 elementor-widget elementor-widget-text-editor\" data-id=\"0697669\" data-element_type=\"widget\" data-widget_type=\"text-editor.default\">\n\t\t\t\t<div class=\"elementor-widget-container\">\n\t\t\t\t\t\t\t\t\t<p>Budynek g\u0142\u00f3wny socjalno &#8211; gastronomiczno &#8211; hotelowy zosta\u0142 zaprojektowany w konstrukcji tradycyjnej, sk\u0142ada si\u0119 w poziomie parteru z cz\u0119\u015bci, w kt\u00f3rej znajduja si\u0119 pomieszczenia obs\u0142ugi basenu, strefy szatni, ubikacji, pomieszcze\u0144 technologii oraz strefy mini-bistro. Na poziomie pierwszego pi\u0119tra znajduje si\u0119 restauracja wraz z sal\u0105 wielofunkcyjn\u0105, strefa tarasu oraz strefa hotelu na 20 miejsc &#8211; ca\u0142o\u015b\u0107 funkcji pi\u0119tra dost\u0119pna jest dla klient\u00f3w z zewn\u0105trz od al. Wietrznego bez mo\u017cliwo\u015b\u0107i dost\u0119pu os\u00f3b korzystaj\u0105cych z basenu.<\/p><p>Zje\u017cd\u017calnia stanowi element dodatkowych atrakcji.<\/p><p>Basen zosta\u0142 zaprojektowany jako konstrukcja ze stali nierdzewnej, basen p\u0142ywacki posiada zr\u00f3\u017cnicowan\u0105 g\u0142\u0119boko\u015b\u0107 w granicach 1,2 do 1,8m, basen rekreacyjny posiada nieregularny kszta\u0142t oraz zr\u00f3\u017cnicowan\u0105 g\u0142\u0119boko\u015b\u0107 i wyposa\u017cony jest w liczne atrakcje basenowe.<\/p><p>Brodzik dla dzieci o nieregularnym kszta\u0142cie stanowi bezpieczn\u0105 stref\u0119 zabawy w wodzie.<\/p>\t\t\t\t\t\t\t\t<\/div>\n\t\t\t\t<\/div>\n\t\t\t\t<\/div>\n\t\t\t\t\t<\/div>\n\t\t\t\t<\/div>\n\t\t\t\t<\/div>\n\t\t","protected":false},"excerpt":{"rendered":"<p>Obiekty Basenu K\u0105pielowego Na terenie otwartego basenu znajduj\u0105 si\u0119 nast\u0119puj\u0105ce urz\u0105dzenia rekreacyjne: basen p\u0142ywacki 50m wraz z trybunami, basen rekreacyjny z atrakcjami, (masa\u017ce karku, \u015bcienne, le\u017cakowe, gejzery, grzybek, dzia\u0142ko wodne, rw\u0105ca rzeka), brodzik dla dzieci z atrakcjami, zje\u017cd\u017calnia wodna \u2013 rurowa, plac zabaw dla dzieci, boiska do pi\u0142ki pla\u017cowej, taras widokowo-gastronomiczny nad pomieszczeniem technologicznym, \u201epla\u017ca&#8221; [&hellip;]<\/p>\n","protected":false},"author":1,"featured_media":0,"parent":0,"menu_order":0,"comment_status":"closed","ping_status":"closed","template":"elementor_header_footer","meta":{"footnotes":""},"class_list":["post-18","page","type-page","status-publish","hentry"],"_links":{"self":[{"href":"https:\/\/basen.zgkandrychow.pl\/index.php\/wp-json\/wp\/v2\/pages\/18","targetHints":{"allow":["GET"]}}],"collection":[{"href":"https:\/\/basen.zgkandrychow.pl\/index.php\/wp-json\/wp\/v2\/pages"}],"about":[{"href":"https:\/\/basen.zgkandrychow.pl\/index.php\/wp-json\/wp\/v2\/types\/page"}],"author":[{"embeddable":true,"href":"https:\/\/basen.zgkandrychow.pl\/index.php\/wp-json\/wp\/v2\/users\/1"}],"replies":[{"embeddable":true,"href":"https:\/\/basen.zgkandrychow.pl\/index.php\/wp-json\/wp\/v2\/comments?post=18"}],"version-history":[{"count":10,"href":"https:\/\/basen.zgkandrychow.pl\/index.php\/wp-json\/wp\/v2\/pages\/18\/revisions"}],"predecessor-version":[{"id":174,"href":"https:\/\/basen.zgkandrychow.pl\/index.php\/wp-json\/wp\/v2\/pages\/18\/revisions\/174"}],"wp:attachment":[{"href":"https:\/\/basen.zgkandrychow.pl\/index.php\/wp-json\/wp\/v2\/media?parent=18"}],"curies":[{"name":"wp","href":"https:\/\/api.w.org\/{rel}","templated":true}]}}